{"id":119,"date":"2017-02-14T22:36:43","date_gmt":"2017-02-14T21:36:43","guid":{"rendered":"http:\/\/www.bcli.de\/bcli\/?page_id=119"},"modified":"2026-02-11T10:16:45","modified_gmt":"2026-02-11T09:16:45","slug":"aktuelles","status":"publish","type":"page","link":"https:\/\/www.bcli.de\/bcli\/aktuelles\/","title":{"rendered":"Aktuelles"},"content":{"rendered":"<ul>\n<li>11.2.2026: <a href=\"https:\/\/www.bcli.de\/bcli\/uebehilfe-bach-osteroratorium-bwv-249\/\">\u00dcbehilfe f\u00fcr das Osteroratorium BWV 249<\/a><\/li>\n<\/ul>\n<h4>nicht mehr ganz aktuell:<\/h4>\n<ul>\n<li>21.3.2025: <a href=\"https:\/\/www.bcli.de\/bcli\/uebehilfe-reger-o-haupt-voll-blut-und-wunden-woo-v-4-no-3\/\">\u00dcbehilfe f\u00fcr Reger \u2013 O Haupt voll Blut und Wunden WoO V\/4 No. 3<\/a><\/li>\n<li>29.11.2024: <a href=\"https:\/\/www.bcli.de\/bcli\/uebehilfe-advent\/\">\u00dcbehilfe f\u00fcr &#8222;\u00dcbers Gebirg Maria geht&#8220; und &#8222;Machet die Tore weit&#8220;<\/a> f\u00fcr den 1. Advent<\/li>\n<li>14.9.2024: <a href=\"https:\/\/www.bcli.de\/bcli\/uebehilfe-bach-missa-in-a-bwv-234\/\">\u00dcbehilfe f\u00fcr BWV 234 Missa in A<\/a> ist fertig (<a href=\"https:\/\/www.bcli.de\/bcli\/uebehilfen-fuer-bwv-234-sind-nutzbar\/\">Blog<\/a>)<\/li>\n<li>9.5.2024: <a href=\"https:\/\/www.bcli.de\/bcli\/uebe-mp3-bach-gloria-in-excelsis-deo-bwv-191\/\">\u00dcbehilfe f\u00fcr BWV 191<\/a> ist fertig <a href=\"https:\/\/www.bcli.de\/bcli\/9-5-2024-uebe-mp3s-fuer-bwv-191-sind-fertig\/\">(Blog<\/a> &#8211; <a href=\"https:\/\/www.bcli.de\/bcli\/uebe-mp3-bach-gloria-in-excelsis-deo-bwv-191\/\">Seite)<\/a><\/li>\n<li>10.8.2024: Neben den Hilfen zum Otcenas von Jan\u00e1\u010dek gibt es jetzt auch die von Barbora eingesprochenen <a href=\"https:\/\/www.bcli.de\/bcli\/uebehilfe-training-aid-dvorak-biblische-lieder\/\">Texte von <span class=\"mw-page-title-main\">Dvo\u0159\u00e1ks &#8222;Biblischen Liedern&#8220; op. 99,5+6<\/span><\/a><\/li>\n<li>13.7.2024: <a href=\"https:\/\/www.bcli.de\/bcli\/uebe-mp3-leos-janacek-otcenas\/\">\u00dcbe-MP3 f\u00fcr Ot\u010den\u00e1\u0161 von Leo\u0161 Jan\u00e1\u010dek<\/a> sind bereit.<br \/>\nUpdate 27.7.2024: Die ersten Fassungen waren viel zu schnell. Danke f\u00fcr den Hinweis!<\/li>\n<li>Karfreitag 2024: \u00dcbehilfen f\u00fcr <a href=\"https:\/\/www.bcli.de\/bcli\/uebehilfen-sheppard-in-manus-tuas\/\">John Sheppard &#8222;In manus tuas&#8220;<\/a> und <a href=\"https:\/\/www.bcli.de\/bcli\/uebe-mp3-verzeichnis\/uebe-mp3-vasiliauskaite-tenebrae-factae-sunt\/\">Kristina Vasiliauskaite &#8222;Tenebrae factae sunt&#8220;<\/a>.<\/li>\n<li>21.1.2023: \u00dcbehilfen f\u00fcr <a href=\"https:\/\/www.bcli.de\/bcli\/uebe-mp3-verzeichnis\/uebe-mp3s-bach-johannespassion-bwv-245\/\">Bachs Johannespassion<\/a><\/li>\n<li>3.10.2022: \u00dcbehilfen f\u00fcr <a href=\"https:\/\/www.bcli.de\/bcli\/uebe-mp3-verzeichnis\/mendelssohn-jesu-meine-freude\/\">Mendelssohns &#8222;Jesu meine Freude&#8220;<\/a><\/li>\n<li>April 2020: Da es gerade einen so hohen Bedarf an Telekommunikationstools gibt, habe ich mal <a href=\"http:\/\/www.bcli.de\/bcli\/zoom-fuer-anfaenger\/\">etwas zu Zoom<\/a> geschrieben.<\/li>\n<li>7.4.2019: Muss ja. Die harten Brocken vom Liszt&#8230;<br \/>\n==&gt; <a href=\"http:\/\/www.bcli.de\/bcli\/uebe-mp3s-liszt-via-crucis\/\">Franz Liszt: Via Crucis<\/a><\/li>\n<li><strong>Immer aktuell<\/strong>, besonders f\u00fcr die neuen Mits\u00e4ngerinnen und -s\u00e4nger: Eine Sammlung von <a href=\"http:\/\/www.bcli.de\/bcli\/wp-content\/uploads\/2019\/03\/EG-Kanones-mehr.pdf\">Kanones aus dem EG+mehr<\/a>, nun auch mit &#8222;Der Schnee zerrint&#8220;. Passt in jede Mappe, auch wenn man das EG gerade nicht dabei hat&#8230;<\/li>\n<li>16.12.2018: Der Eingangschor &#8222;Sehet&#8220; hatte noch ein paar Fehler in den M\u00e4nnerstimmen. Die sind korrigiert. Au\u00dferdem kann man die MP3s nun auch stimmweise herunterladen.<br \/>\n==&gt; <a href=\"http:\/\/www.bcli.de\/bcli\/uebe-mp3s-drei-weihnachtskantaten\/\">\u00dcbe-MP3: Bach Weihnachtskantaten<\/a><\/li>\n<li>14.9.2018: Die \u00dcbe-Dateien f\u00fcr die Bach-Kantaten BWV 40 &#8222;Dazu ist erschienen der Sohn Gottes&#8220;, BWV 91 &#8222;Gelobet seist du, Jesu Christ&#8220; und BWV 64 &#8222;Sehet, welch eine Liebe&#8220; sind fertig: <a href=\"http:\/\/www.bcli.de\/bcli\/uebe-mp3s-drei-weihnachtskantaten\/\">\u00dcbe-MP3: Bach Weihnachtskantaten<\/a><\/li>\n<li>18.10.2018: <a href=\"http:\/\/www.bcli.de\/bcli\/mendelssohn-noten-fuer-den-28-10-2018\/\">Mendelssohn-Noten f\u00fcr den Verabschiedungsgottesdienst am 28.10.2018<\/a>, wie in der Probe angek\u00fcndigt&#8230;\n<ul>\n<li>F\u00fcr das Kyrie gibt es <a href=\"https:\/\/www.bcli.de\/bcli\/uebe-mp3-verzeichnis\/uebe-mp3s-mendelssohn-kyrie\/\">hier auch noch \u00dcbe-Dateien<\/a>.<\/li>\n<\/ul>\n<\/li>\n<li>29.5.2018: Es gibt \u00dcbe-Dateien f\u00fcr die Mozart-Messe, die wir am Sonntag vor den Sommerferien singen: <a href=\"http:\/\/www.bcli.de\/bcli\/uebe-mp3s-w-a-mozart-missa-brevis-in-b-kv-275\/\">\u00dcbe-MP3s: W.A. Mozart \u2013 Missa brevis in B KV 275<\/a>\n<ul>\n<li>Update 1.6.: Mit Agnus\/Dona nobis pacem und Links zum Runterladen<\/li>\n<\/ul>\n<\/li>\n<li>8.5.2018: <a href=\"http:\/\/www.bcli.de\/bcli\/dlf-musikszene-ueber-kirchenmusik-mit-uns\/\">Der Kammerchor war im Radio<\/a> (DLF Musikszene), mit Klangbeispielen vom Probentag mit der Capella della Torre f\u00fcr das Luther-Programm im November 2017.<\/li>\n<li>12.3.2018\/2.4.2018: Endich geschafft: Die Chichester-Psalmen im gewohnten Format, direkt am Rechner oder Smartphone oder zum Download:\n<ul>\n<li><a href=\"http:\/\/www.bcli.de\/bcli\/uebe-mp3s-bernstein-chichester-psalms-ii\/\">Chichester Psalms \u2013 Leonhard Bernstein<\/a><\/li>\n<li><a href=\"http:\/\/www.bcli.de\/bcli\/uebe-mp3s-bernstein-chichester-psalms-aussprache\/\">Chichester Psalms \u2013 Aussprachehilfen<\/a>\u00a0 &#8212; \u2135 neu am 2.4.2018<\/li>\n<\/ul>\n<\/li>\n<li>8.2.2018: \u00dcbe-Dateien von Bernstein&#8217;s Chichester-Psalmen, diesmal nicht selbst gemacht, sondern von einer Mits\u00e4ngerin in Netz gefunden (Danke!!):\n<ul>\n<li><a href=\"http:\/\/www.bcli.de\/bcli\/uebe-mp3-verzeichnis\/uebe-mp3-bernstein-chichester-psalms\/\">\u00dcbe-MP3s: Bernstein &#8211; Chichester-Psalms<\/a><\/li>\n<\/ul>\n<\/li>\n<li>Die beiden sch\u00f6nen Mendelssohn-Konzerte haben ein sch\u00f6nes Echo in der Lokalpresse hervorgerufen:\n<ul>\n<li><a href=\"http:\/\/www.bcli.de\/bcli\/wp-content\/uploads\/2017\/11\/Von-der-Dunkelheit-ins-Licht-W\u00fcmme-Zeitung-2017-11-21.pdf\">Von der Dunkelheit ins Licht &#8211; W\u00fcmme Zeitung 2017-11-21<\/a><\/li>\n<\/ul>\n<\/li>\n<li>\u00dcbe-Dateien zum Mendelssohn-Konzert am 18.\/19.11.2017:\n<ul>\n<li><a href=\"http:\/\/www.bcli.de\/bcli\/uebe-mp3s-mendelssohn-lobgesang-op-52\/\">\u00dcbe-MP3s: Mendelssohn &#8211; Lobgesang op. 52<\/a><\/li>\n<li><a href=\"http:\/\/www.bcli.de\/bcli\/uebe-mp3-verzeichnis\/uebe-mp3s-mendelssohn-der-42-psalm-op-42-wie-der-hirsch-schreit\/\">\u00dcbe-MP3s: Mendelssohn &#8211; Der 42. Psalm op. 42 &#8211; Wie der Hirsch schreit<\/a><\/li>\n<\/ul>\n<\/li>\n<li>Gottesdienst im Amtsgarten am 11.6.2017<br \/>\nAlles zum \u00f6kumenischen Gottesdienst zum 2. Lilienthaler Kirchentages unter <a href=\"http:\/\/www.bcli.de\/bcli\/oekumenischer-kirchentag-in-lilienthal-an-trinitatis-2017\/\" rel=\"bookmark\">\u00d6kumenischer Kirchentag in Lilienthal an Trinitatis 2017<\/a>.<br \/>\nNachtrag: ein <a href=\"http:\/\/www.bcli.de\/bcli\/oekumenisches-fest-im-amtsgarten\/\">Dankesch\u00f6n!<\/a><\/li>\n<li>Neu im <a href=\"http:\/\/www.bcli.de\/bcli\/blog\/\">Blog<\/a>: Statistischer <a href=\"http:\/\/www.bcli.de\/bcli\/rueckblick-auf\/\">R\u00fcckblick auf Karfreitag<\/a><br \/>\n(SMy, 23.4.2017)<\/li>\n<li>Unter &#8222;St\u00fccke zu Karfreitag&#8220; (unten) jetzt auch &#8222;Tenebrae factae sunt&#8220;.<br \/>\n(SMy, 19.2.2017)<\/li>\n<li>Wildrik hat den Text seiner Predigt zu &#8222;Wer nur den lieben Gott l\u00e4sst walten&#8220; zur Verf\u00fcgung gestellt. Ihr findet die Predigt <a href=\"http:\/\/www.bcli.de\/bcli\/wp-content\/uploads\/2017\/02\/Predigt-im-Kantaten-Gottesdienst-5.2.2017-Piper.pdf\">hier<\/a> und auf der <a href=\"http:\/\/www.bcli.de\/bcli\/uebe-mp3s-mendelssohn-wer-nur-den-lieben-gott\/\">Seite mit den \u00dcbe-MP3s dazu<\/a>.<br \/>\n(SMy, 14.2.2017)<\/li>\n<\/ul>\n<h4>St\u00fccke zu Karfreitag 2017:<\/h4>\n<ul>\n<li><a href=\"http:\/\/www.bcli.de\/bcli\/uebe-mp3-bruckner-christus-factus-est-pro-nobis\/\">Bruckner: Christus factus est<\/a><\/li>\n<li><a href=\"http:\/\/www.bcli.de\/bcli\/uebe-mp3-vasiliauskaite-tenebrae-factae-sunt\/\">Vasiliauskaite: Tenebrae factae sunt <\/a><\/li>\n<\/ul>\n","protected":false},"excerpt":{"rendered":"<p>11.2.2026: \u00dcbehilfe f\u00fcr das Osteroratorium BWV 249 nicht mehr ganz aktuell: 21.3.2025: \u00dcbehilfe f\u00fcr Reger \u2013 O Haupt voll Blut und Wunden WoO V\/4 No. 3 29.11.2024: \u00dcbehilfe f\u00fcr &#8222;\u00dcbers Gebirg Maria geht&#8220; und &#8222;Machet die Tore weit&#8220; f\u00fcr den 1. Advent 14.9.2024: \u00dcbehilfe f\u00fcr BWV 234 Missa in A ist fertig (Blog) 9.5.2024: \u00dcbehilfe &hellip; <\/p>\n<p class=\"link-more\"><a href=\"https:\/\/www.bcli.de\/bcli\/aktuelles\/\" class=\"more-link\"><span class=\"screen-reader-text\">\u201eAktuelles\u201c <\/span>weiterlesen<\/a><\/p>\n","protected":false},"author":1,"featured_media":29,"parent":0,"menu_order":0,"comment_status":"open","ping_status":"closed","template":"","meta":{"footnotes":""},"class_list":["post-119","page","type-page","status-publish","has-post-thumbnail","hentry"],"_links":{"self":[{"href":"https:\/\/www.bcli.de\/bcli\/wp-json\/wp\/v2\/pages\/119","targetHints":{"allow":["GET"]}}],"collection":[{"href":"https:\/\/www.bcli.de\/bcli\/wp-json\/wp\/v2\/pages"}],"about":[{"href":"https:\/\/www.bcli.de\/bcli\/wp-json\/wp\/v2\/types\/page"}],"author":[{"embeddable":true,"href":"https:\/\/www.bcli.de\/bcli\/wp-json\/wp\/v2\/users\/1"}],"replies":[{"embeddable":true,"href":"https:\/\/www.bcli.de\/bcli\/wp-json\/wp\/v2\/comments?post=119"}],"version-history":[{"count":63,"href":"https:\/\/www.bcli.de\/bcli\/wp-json\/wp\/v2\/pages\/119\/revisions"}],"predecessor-version":[{"id":2611,"href":"https:\/\/www.bcli.de\/bcli\/wp-json\/wp\/v2\/pages\/119\/revisions\/2611"}],"wp:featuredmedia":[{"embeddable":true,"href":"https:\/\/www.bcli.de\/bcli\/wp-json\/wp\/v2\/media\/29"}],"wp:attachment":[{"href":"https:\/\/www.bcli.de\/bcli\/wp-json\/wp\/v2\/media?parent=119"}],"curies":[{"name":"wp","href":"https:\/\/api.w.org\/{rel}","templated":true}]}}

<ul>
<li>11.2.2026: <a href="https://www.bcli.de/bcli/uebehilfe-bach-osteroratorium-bwv-249/">Übehilfe für das Osteroratorium BWV 249</a></li>
</ul>
<h4>nicht mehr ganz aktuell:</h4>
<ul>
<li>21.3.2025: <a href="https://www.bcli.de/bcli/uebehilfe-reger-o-haupt-voll-blut-und-wunden-woo-v-4-no-3/">Übehilfe für Reger – O Haupt voll Blut und Wunden WoO V/4 No. 3</a></li>
<li>29.11.2024: <a href="https://www.bcli.de/bcli/uebehilfe-advent/">Übehilfe für &#8222;Übers Gebirg Maria geht&#8220; und &#8222;Machet die Tore weit&#8220;</a> für den 1. Advent</li>
<li>14.9.2024: <a href="https://www.bcli.de/bcli/uebehilfe-bach-missa-in-a-bwv-234/">Übehilfe für BWV 234 Missa in A</a> ist fertig (<a href="https://www.bcli.de/bcli/uebehilfen-fuer-bwv-234-sind-nutzbar/">Blog</a>)</li>
<li>9.5.2024: <a href="https://www.bcli.de/bcli/uebe-mp3-bach-gloria-in-excelsis-deo-bwv-191/">Übehilfe für BWV 191</a> ist fertig <a href="https://www.bcli.de/bcli/9-5-2024-uebe-mp3s-fuer-bwv-191-sind-fertig/">(Blog</a> &#8211; <a href="https://www.bcli.de/bcli/uebe-mp3-bach-gloria-in-excelsis-deo-bwv-191/">Seite)</a></li>
<li>10.8.2024: Neben den Hilfen zum Otcenas von Janáček gibt es jetzt auch die von Barbora eingesprochenen <a href="https://www.bcli.de/bcli/uebehilfe-training-aid-dvorak-biblische-lieder/">Texte von <span class="mw-page-title-main">Dvořáks &#8222;Biblischen Liedern&#8220; op. 99,5+6</span></a></li>
<li>13.7.2024: <a href="https://www.bcli.de/bcli/uebe-mp3-leos-janacek-otcenas/">Übe-MP3 für Otčenáš von Leoš Janáček</a> sind bereit.<br />
Update 27.7.2024: Die ersten Fassungen waren viel zu schnell. Danke für den Hinweis!</li>
<li>Karfreitag 2024: Übehilfen für <a href="https://www.bcli.de/bcli/uebehilfen-sheppard-in-manus-tuas/">John Sheppard &#8222;In manus tuas&#8220;</a> und <a href="https://www.bcli.de/bcli/uebe-mp3-verzeichnis/uebe-mp3-vasiliauskaite-tenebrae-factae-sunt/">Kristina Vasiliauskaite &#8222;Tenebrae factae sunt&#8220;</a>.</li>
<li>21.1.2023: Übehilfen für <a href="https://www.bcli.de/bcli/uebe-mp3-verzeichnis/uebe-mp3s-bach-johannespassion-bwv-245/">Bachs Johannespassion</a></li>
<li>3.10.2022: Übehilfen für <a href="https://www.bcli.de/bcli/uebe-mp3-verzeichnis/mendelssohn-jesu-meine-freude/">Mendelssohns &#8222;Jesu meine Freude&#8220;</a></li>
<li>April 2020: Da es gerade einen so hohen Bedarf an Telekommunikationstools gibt, habe ich mal <a href="http://www.bcli.de/bcli/zoom-fuer-anfaenger/">etwas zu Zoom</a> geschrieben.</li>
<li>7.4.2019: Muss ja. Die harten Brocken vom Liszt&#8230;<br />
==&gt; <a href="http://www.bcli.de/bcli/uebe-mp3s-liszt-via-crucis/">Franz Liszt: Via Crucis</a></li>
<li><strong>Immer aktuell</strong>, besonders für die neuen Mitsängerinnen und -sänger: Eine Sammlung von <a href="http://www.bcli.de/bcli/wp-content/uploads/2019/03/EG-Kanones-mehr.pdf">Kanones aus dem EG+mehr</a>, nun auch mit &#8222;Der Schnee zerrint&#8220;. Passt in jede Mappe, auch wenn man das EG gerade nicht dabei hat&#8230;</li>
<li>16.12.2018: Der Eingangschor &#8222;Sehet&#8220; hatte noch ein paar Fehler in den Männerstimmen. Die sind korrigiert. Außerdem kann man die MP3s nun auch stimmweise herunterladen.<br />
==&gt; <a href="http://www.bcli.de/bcli/uebe-mp3s-drei-weihnachtskantaten/">Übe-MP3: Bach Weihnachtskantaten</a></li>
<li>14.9.2018: Die Übe-Dateien für die Bach-Kantaten BWV 40 &#8222;Dazu ist erschienen der Sohn Gottes&#8220;, BWV 91 &#8222;Gelobet seist du, Jesu Christ&#8220; und BWV 64 &#8222;Sehet, welch eine Liebe&#8220; sind fertig: <a href="http://www.bcli.de/bcli/uebe-mp3s-drei-weihnachtskantaten/">Übe-MP3: Bach Weihnachtskantaten</a></li>
<li>18.10.2018: <a href="http://www.bcli.de/bcli/mendelssohn-noten-fuer-den-28-10-2018/">Mendelssohn-Noten für den Verabschiedungsgottesdienst am 28.10.2018</a>, wie in der Probe angekündigt&#8230;
<ul>
<li>Für das Kyrie gibt es <a href="https://www.bcli.de/bcli/uebe-mp3-verzeichnis/uebe-mp3s-mendelssohn-kyrie/">hier auch noch Übe-Dateien</a>.</li>
</ul>
</li>
<li>29.5.2018: Es gibt Übe-Dateien für die Mozart-Messe, die wir am Sonntag vor den Sommerferien singen: <a href="http://www.bcli.de/bcli/uebe-mp3s-w-a-mozart-missa-brevis-in-b-kv-275/">Übe-MP3s: W.A. Mozart – Missa brevis in B KV 275</a>
<ul>
<li>Update 1.6.: Mit Agnus/Dona nobis pacem und Links zum Runterladen</li>
</ul>
</li>
<li>8.5.2018: <a href="http://www.bcli.de/bcli/dlf-musikszene-ueber-kirchenmusik-mit-uns/">Der Kammerchor war im Radio</a> (DLF Musikszene), mit Klangbeispielen vom Probentag mit der Capella della Torre für das Luther-Programm im November 2017.</li>
<li>12.3.2018/2.4.2018: Endich geschafft: Die Chichester-Psalmen im gewohnten Format, direkt am Rechner oder Smartphone oder zum Download:
<ul>
<li><a href="http://www.bcli.de/bcli/uebe-mp3s-bernstein-chichester-psalms-ii/">Chichester Psalms – Leonhard Bernstein</a></li>
<li><a href="http://www.bcli.de/bcli/uebe-mp3s-bernstein-chichester-psalms-aussprache/">Chichester Psalms – Aussprachehilfen</a>  &#8212; ℵ neu am 2.4.2018</li>
</ul>
</li>
<li>8.2.2018: Übe-Dateien von Bernstein&#8217;s Chichester-Psalmen, diesmal nicht selbst gemacht, sondern von einer Mitsängerin in Netz gefunden (Danke!!):
<ul>
<li><a href="http://www.bcli.de/bcli/uebe-mp3-verzeichnis/uebe-mp3-bernstein-chichester-psalms/">Übe-MP3s: Bernstein &#8211; Chichester-Psalms</a></li>
</ul>
</li>
<li>Die beiden schönen Mendelssohn-Konzerte haben ein schönes Echo in der Lokalpresse hervorgerufen:
<ul>
<li><a href="http://www.bcli.de/bcli/wp-content/uploads/2017/11/Von-der-Dunkelheit-ins-Licht-Wümme-Zeitung-2017-11-21.pdf">Von der Dunkelheit ins Licht &#8211; Wümme Zeitung 2017-11-21</a></li>
</ul>
</li>
<li>Übe-Dateien zum Mendelssohn-Konzert am 18./19.11.2017:
<ul>
<li><a href="http://www.bcli.de/bcli/uebe-mp3s-mendelssohn-lobgesang-op-52/">Übe-MP3s: Mendelssohn &#8211; Lobgesang op. 52</a></li>
<li><a href="http://www.bcli.de/bcli/uebe-mp3-verzeichnis/uebe-mp3s-mendelssohn-der-42-psalm-op-42-wie-der-hirsch-schreit/">Übe-MP3s: Mendelssohn &#8211; Der 42. Psalm op. 42 &#8211; Wie der Hirsch schreit</a></li>
</ul>
</li>
<li>Gottesdienst im Amtsgarten am 11.6.2017<br />
Alles zum ökumenischen Gottesdienst zum 2. Lilienthaler Kirchentages unter <a href="http://www.bcli.de/bcli/oekumenischer-kirchentag-in-lilienthal-an-trinitatis-2017/" rel="bookmark">Ökumenischer Kirchentag in Lilienthal an Trinitatis 2017</a>.<br />
Nachtrag: ein <a href="http://www.bcli.de/bcli/oekumenisches-fest-im-amtsgarten/">Dankeschön!</a></li>
<li>Neu im <a href="http://www.bcli.de/bcli/blog/">Blog</a>: Statistischer <a href="http://www.bcli.de/bcli/rueckblick-auf/">Rückblick auf Karfreitag</a><br />
(SMy, 23.4.2017)</li>
<li>Unter &#8222;Stücke zu Karfreitag&#8220; (unten) jetzt auch &#8222;Tenebrae factae sunt&#8220;.<br />
(SMy, 19.2.2017)</li>
<li>Wildrik hat den Text seiner Predigt zu &#8222;Wer nur den lieben Gott lässt walten&#8220; zur Verfügung gestellt. Ihr findet die Predigt <a href="http://www.bcli.de/bcli/wp-content/uploads/2017/02/Predigt-im-Kantaten-Gottesdienst-5.2.2017-Piper.pdf">hier</a> und auf der <a href="http://www.bcli.de/bcli/uebe-mp3s-mendelssohn-wer-nur-den-lieben-gott/">Seite mit den Übe-MP3s dazu</a>.<br />
(SMy, 14.2.2017)</li>
</ul>
<h4>Stücke zu Karfreitag 2017:</h4>
<ul>
<li><a href="http://www.bcli.de/bcli/uebe-mp3-bruckner-christus-factus-est-pro-nobis/">Bruckner: Christus factus est</a></li>
<li><a href="http://www.bcli.de/bcli/uebe-mp3-vasiliauskaite-tenebrae-factae-sunt/">Vasiliauskaite: Tenebrae factae sunt </a></li>
</ul>

<p>11.2.2026: Übehilfe für das Osteroratorium BWV 249 nicht mehr ganz aktuell: 21.3.2025: Übehilfe für Reger – O Haupt voll Blut und Wunden WoO V/4 No. 3 29.11.2024: Übehilfe für &#8222;Übers Gebirg Maria geht&#8220; und &#8222;Machet die Tore weit&#8220; für den 1. Advent 14.9.2024: Übehilfe für BWV 234 Missa in A ist fertig (Blog) 9.5.2024: Übehilfe &hellip; </p>
<p class="link-more"><a href="https://www.bcli.de/bcli/aktuelles/" class="more-link"><span class="screen-reader-text">„Aktuelles“ </span>weiterlesen</a></p>
